{"id":725,"date":"2023-06-04T12:21:07","date_gmt":"2023-06-04T10:21:07","guid":{"rendered":"http:\/\/promenadazasanie.pl\/?page_id=725"},"modified":"2023-09-20T06:46:41","modified_gmt":"2023-09-20T04:46:41","slug":"wyjatkowy-przemyski-deptak","status":"publish","type":"page","link":"https:\/\/wybrzeze.stowarzyszeniemost.pl\/index.php\/wyjatkowy-przemyski-deptak\/","title":{"rendered":"Wyj\u0105tkowy Przemyski Deptak"},"content":{"rendered":"\t\t<div data-elementor-type=\"wp-page\" data-elementor-id=\"725\" class=\"elementor elementor-725\">\n\t\t\t\t\t\t\t<div class=\"elementor-element elementor-element-3ab2eb5 e-flex e-con-boxed e-con\" data-id=\"3ab2eb5\" data-element_type=\"container\" data-settings=\"{&quot;background_background&quot;:&quot;classic&quot;,&quot;content_width&quot;:&quot;boxed&quot;}\">\n\t\t\t\t\t<div class=\"e-con-inner\">\n\t\t\t\t\t<\/div>\n\t\t\t\t<\/div>\n\t\t<div class=\"elementor-element elementor-element-18861c16 e-flex e-con-boxed e-con\" data-id=\"18861c16\" data-element_type=\"container\" data-settings=\"{&quot;content_width&quot;:&quot;boxed&quot;}\">\n\t\t\t\t\t<div class=\"e-con-inner\">\n\t\t<div class=\"elementor-element elementor-element-281734af e-con-full e-flex e-con\" data-id=\"281734af\" data-element_type=\"container\" data-settings=\"{&quot;content_width&quot;:&quot;full&quot;,&quot;background_background&quot;:&quot;classic&quot;}\">\n\t\t\t\t<div class=\"elementor-element elementor-element-5712904 elementor-widget elementor-widget-heading\" data-id=\"5712904\" data-element_type=\"widget\" data-settings=\"{&quot;ekit_we_effect_on&quot;:&quot;none&quot;}\" data-widget_type=\"heading.default\">\n\t\t\t\t<div class=\"elementor-widget-container\">\n\t\t\t<style>\/*! elementor - v3.14.0 - 26-06-2023 *\/\n.elementor-heading-title{padding:0;margin:0;line-height:1}.elementor-widget-heading .elementor-heading-title[class*=elementor-size-]>a{color:inherit;font-size:inherit;line-height:inherit}.elementor-widget-heading .elementor-heading-title.elementor-size-small{font-size:15px}.elementor-widget-heading .elementor-heading-title.elementor-size-medium{font-size:19px}.elementor-widget-heading .elementor-heading-title.elementor-size-large{font-size:29px}.elementor-widget-heading .elementor-heading-title.elementor-size-xl{font-size:39px}.elementor-widget-heading .elementor-heading-title.elementor-size-xxl{font-size:59px}<\/style><h2 class=\"elementor-heading-title elementor-size-default\">Nadbrze\u017ca Sanu to miejsce r\u00f3wnie wa\u017cne dla Przemy\u015blan, jak Przemyski Rynek, Park Miejski czy Kopiec Tatarski<\/h2>\t\t<\/div>\n\t\t\t\t<\/div>\n\t\t\t\t<div class=\"elementor-element elementor-element-c71df9e elementor-widget-divider--view-line elementor-widget elementor-widget-divider\" data-id=\"c71df9e\" data-element_type=\"widget\" data-settings=\"{&quot;ekit_we_effect_on&quot;:&quot;none&quot;}\" data-widget_type=\"divider.default\">\n\t\t\t\t<div class=\"elementor-widget-container\">\n\t\t\t<style>\/*! elementor - v3.14.0 - 26-06-2023 *\/\n.elementor-widget-divider{--divider-border-style:none;--divider-border-width:1px;--divider-color:#0c0d0e;--divider-icon-size:20px;--divider-element-spacing:10px;--divider-pattern-height:24px;--divider-pattern-size:20px;--divider-pattern-url:none;--divider-pattern-repeat:repeat-x}.elementor-widget-divider .elementor-divider{display:flex}.elementor-widget-divider .elementor-divider__text{font-size:15px;line-height:1;max-width:95%}.elementor-widget-divider .elementor-divider__element{margin:0 var(--divider-element-spacing);flex-shrink:0}.elementor-widget-divider .elementor-icon{font-size:var(--divider-icon-size)}.elementor-widget-divider .elementor-divider-separator{display:flex;margin:0;direction:ltr}.elementor-widget-divider--view-line_icon .elementor-divider-separator,.elementor-widget-divider--view-line_text .elementor-divider-separator{align-items:center}.elementor-widget-divider--view-line_icon .elementor-divider-separator:after,.elementor-widget-divider--view-line_icon .elementor-divider-separator:before,.elementor-widget-divider--view-line_text .elementor-divider-separator:after,.elementor-widget-divider--view-line_text .elementor-divider-separator:before{display:block;content:\"\";border-bottom:0;flex-grow:1;border-top:var(--divider-border-width) var(--divider-border-style) var(--divider-color)}.elementor-widget-divider--element-align-left .elementor-divider .elementor-divider-separator>.elementor-divider__svg:first-of-type{flex-grow:0;flex-shrink:100}.elementor-widget-divider--element-align-left .elementor-divider-separator:before{content:none}.elementor-widget-divider--element-align-left .elementor-divider__element{margin-left:0}.elementor-widget-divider--element-align-right .elementor-divider .elementor-divider-separator>.elementor-divider__svg:last-of-type{flex-grow:0;flex-shrink:100}.elementor-widget-divider--element-align-right .elementor-divider-separator:after{content:none}.elementor-widget-divider--element-align-right .elementor-divider__element{margin-right:0}.elementor-widget-divider:not(.elementor-widget-divider--view-line_text):not(.elementor-widget-divider--view-line_icon) .elementor-divider-separator{border-top:var(--divider-border-width) var(--divider-border-style) var(--divider-color)}.elementor-widget-divider--separator-type-pattern{--divider-border-style:none}.elementor-widget-divider--separator-type-pattern.elementor-widget-divider--view-line .elementor-divider-separator,.elementor-widget-divider--separator-type-pattern:not(.elementor-widget-divider--view-line) .elementor-divider-separator:after,.elementor-widget-divider--separator-type-pattern:not(.elementor-widget-divider--view-line) .elementor-divider-separator:before,.elementor-widget-divider--separator-type-pattern:not([class*=elementor-widget-divider--view]) .elementor-divider-separator{width:100%;min-height:var(--divider-pattern-height);-webkit-mask-size:var(--divider-pattern-size) 100%;mask-size:var(--divider-pattern-size) 100%;-webkit-mask-repeat:var(--divider-pattern-repeat);mask-repeat:var(--divider-pattern-repeat);background-color:var(--divider-color);-webkit-mask-image:var(--divider-pattern-url);mask-image:var(--divider-pattern-url)}.elementor-widget-divider--no-spacing{--divider-pattern-size:auto}.elementor-widget-divider--bg-round{--divider-pattern-repeat:round}.rtl .elementor-widget-divider .elementor-divider__text{direction:rtl}.e-con-inner>.elementor-widget-divider,.e-con>.elementor-widget-divider{width:var(--container-widget-width,100%);--flex-grow:var(--container-widget-flex-grow)}<\/style>\t\t<div class=\"elementor-divider\">\n\t\t\t<span class=\"elementor-divider-separator\">\n\t\t\t\t\t\t<\/span>\n\t\t<\/div>\n\t\t\t\t<\/div>\n\t\t\t\t<\/div>\n\t\t\t\t<div class=\"elementor-element elementor-element-e6c9a45 elementor-widget elementor-widget-heading\" data-id=\"e6c9a45\" data-element_type=\"widget\" data-settings=\"{&quot;ekit_we_effect_on&quot;:&quot;none&quot;}\" data-widget_type=\"heading.default\">\n\t\t\t\t<div class=\"elementor-widget-container\">\n\t\t\t<h6 class=\"elementor-heading-title elementor-size-default\">Tekst: Waldemar Hryniszyn<br>\nZdj\u0119cia: Wojciech Pilch<\/h6>\t\t<\/div>\n\t\t\t\t<\/div>\n\t\t\t\t<\/div>\n\t\t<div class=\"elementor-element elementor-element-75f81fcb e-con-full e-flex e-con\" data-id=\"75f81fcb\" data-element_type=\"container\" data-settings=\"{&quot;content_width&quot;:&quot;full&quot;,&quot;background_background&quot;:&quot;classic&quot;}\">\n\t\t\t\t<div class=\"elementor-element elementor-element-2cff879 elementor-widget elementor-widget-text-editor\" data-id=\"2cff879\" data-element_type=\"widget\" data-settings=\"{&quot;ekit_we_effect_on&quot;:&quot;none&quot;}\" data-widget_type=\"text-editor.default\">\n\t\t\t\t<div class=\"elementor-widget-container\">\n\t\t\t<style>\/*! elementor - v3.14.0 - 26-06-2023 *\/\n.elementor-widget-text-editor.elementor-drop-cap-view-stacked .elementor-drop-cap{background-color:#69727d;color:#fff}.elementor-widget-text-editor.elementor-drop-cap-view-framed .elementor-drop-cap{color:#69727d;border:3px solid;background-color:transparent}.elementor-widget-text-editor:not(.elementor-drop-cap-view-default) .elementor-drop-cap{margin-top:8px}.elementor-widget-text-editor:not(.elementor-drop-cap-view-default) .elementor-drop-cap-letter{width:1em;height:1em}.elementor-widget-text-editor .elementor-drop-cap{float:left;text-align:center;line-height:1;font-size:50px}.elementor-widget-text-editor .elementor-drop-cap-letter{display:inline-block}<\/style>\t\t\t\tJe\u015bli mia\u0142bym zachowa\u0107 w mojej pami\u0119ci tylko jeden przemyski pejza\u017c, to by\u0142by to widok Sanu,\nogl\u0105dany z mostu Orl\u0105t Przemyskich, przy zachodz\u0105cym s\u0142o\u0144cu, odbijaj\u0105cym si\u0119 w szybach\nnadbrze\u017cnych kamienic. Jest to obraz tak spektakularny, \u017ce cho\u0107 mia\u0142em szcz\u0119\u015bcie widzie\u0107 go\nniezliczon\u0105 ilo\u015b\u0107 razy, za ka\u017cdym razem, wraz ze wszystkimi obecnymi w tym miejscu\nszcz\u0119\u015bliwcami, pospiesznie wyci\u0105gam aparat i robi\u0119 kolejne &quot;najpi\u0119kniejsze zdj\u0119cie w moim \u017cyciu&quot;.\t\t\t\t\t\t<\/div>\n\t\t\t\t<\/div>\n\t\t\t\t<div class=\"elementor-element elementor-element-77aa597 elementor-widget elementor-widget-heading\" data-id=\"77aa597\" data-element_type=\"widget\" data-settings=\"{&quot;ekit_we_effect_on&quot;:&quot;none&quot;}\" data-widget_type=\"heading.default\">\n\t\t\t\t<div class=\"elementor-widget-container\">\n\t\t\t<h4 class=\"elementor-heading-title elementor-size-default\">Zielonooki San, jak pisa\u0142 o nim Przemys\u0142aw Bystrzycki<\/h4>\t\t<\/div>\n\t\t\t\t<\/div>\n\t\t\t\t<div class=\"elementor-element elementor-element-1daee49 elementor-widget elementor-widget-text-editor\" data-id=\"1daee49\" data-element_type=\"widget\" data-settings=\"{&quot;ekit_we_effect_on&quot;:&quot;none&quot;}\" data-widget_type=\"text-editor.default\">\n\t\t\t\t<div class=\"elementor-widget-container\">\n\t\t\t\t\t\t\tby\u0142 od zawsze dla mnie rzek\u0105 magiczn\u0105.\nWychowywa\u0142em si\u0119 p\u0142ywaj\u0105c w Sanie, sp\u0142ywaj\u0105c Sanem, skacz\u0105c do Sanu, chodz\u0105c nad Sanem\npo mo\u015bcie kolejowym czy \u017b\u00f3\u0142t\u0105 Rur\u0105, przechodz\u0105c po zamarzni\u0119tym, zimowym Sanie, \u0142owi\u0105c w\nnim ryby, no i oczywi\u015bcie pij\u0105c nie najdro\u017csze trunki, pod jego wszystkimi mostami. San to po\nprostu \u017cycie. Rzeka t\u0119tnica, aorta. Miasto powsta\u0142o dzi\u0119ki niej i dzi\u0119ki niej \u017cyje.\n<br><br>Wydaje mi si\u0119, \u017ce wszyscy mieszka\u0144cy naszego miasta maj\u0105 podobny stosunek do Sanu. Pomimo\ntego, \u017ce dzieli on miasto na p\u00f3\u0142, to \u0142\u0105czy nas wszystkich w zachwycie nad swoim urokiem.\nNiezale\u017cnie od wieku, statusu, religii, narodowo\u015bci, orientacji seksualnej i ilorazu inteligencji, ka\u017cdy\nmieszkaniec Przemy\u015bla, na wspomnienie o Sanie, \u0142agodnieje i przypomina sobie swoje najlepsze\nnadsa\u0144skie przygody.\t\t\t\t\t\t<\/div>\n\t\t\t\t<\/div>\n\t\t\t\t<\/div>\n\t\t\t\t\t<\/div>\n\t\t\t\t<\/div>\n\t\t<div class=\"elementor-element elementor-element-51153e42 e-con-full e-flex e-con\" data-id=\"51153e42\" data-element_type=\"container\" data-settings=\"{&quot;content_width&quot;:&quot;full&quot;}\">\n\t\t\t\t<div class=\"elementor-element elementor-element-2db7d0a4 elementor-arrows-position-inside elementor-pagination-position-outside elementor-widget elementor-widget-image-carousel\" data-id=\"2db7d0a4\" data-element_type=\"widget\" data-settings=\"{&quot;slides_to_show&quot;:&quot;2&quot;,&quot;navigation&quot;:&quot;both&quot;,&quot;autoplay&quot;:&quot;yes&quot;,&quot;pause_on_hover&quot;:&quot;yes&quot;,&quot;pause_on_interaction&quot;:&quot;yes&quot;,&quot;autoplay_speed&quot;:5000,&quot;infinite&quot;:&quot;yes&quot;,&quot;speed&quot;:500,&quot;ekit_we_effect_on&quot;:&quot;none&quot;}\" data-widget_type=\"image-carousel.default\">\n\t\t\t\t<div class=\"elementor-widget-container\">\n\t\t\t<style>\/*! elementor - v3.14.0 - 26-06-2023 *\/\n.elementor-widget-image-carousel .swiper,.elementor-widget-image-carousel .swiper-container{position:static}.elementor-widget-image-carousel .swiper-container .swiper-slide figure,.elementor-widget-image-carousel .swiper .swiper-slide figure{line-height:inherit}.elementor-widget-image-carousel .swiper-slide{text-align:center}.elementor-image-carousel-wrapper:not(.swiper-container-initialized):not(.swiper-initialized) .swiper-slide{max-width:calc(100% \/ var(--e-image-carousel-slides-to-show, 3))}<\/style>\t\t<div class=\"elementor-image-carousel-wrapper swiper\" dir=\"ltr\">\n\t\t\t<div class=\"elementor-image-carousel swiper-wrapper\" aria-live=\"off\">\n\t\t\t\t\t\t\t\t<div class=\"swiper-slide\" role=\"group\" aria-roledescription=\"slide\" aria-label=\"1 of 3\"><figure class=\"swiper-slide-inner\"><img decoding=\"async\" class=\"swiper-slide-image\" src=\"https:\/\/wybrzeze.stowarzyszeniemost.pl\/wp-content\/uploads\/2023\/06\/sm3.jpg\" alt=\"sm3\" \/><\/figure><\/div><div class=\"swiper-slide\" role=\"group\" aria-roledescription=\"slide\" aria-label=\"2 of 3\"><figure class=\"swiper-slide-inner\"><img decoding=\"async\" class=\"swiper-slide-image\" src=\"https:\/\/wybrzeze.stowarzyszeniemost.pl\/wp-content\/uploads\/2023\/06\/sm2.jpg\" alt=\"sm2\" \/><\/figure><\/div><div class=\"swiper-slide\" role=\"group\" aria-roledescription=\"slide\" aria-label=\"3 of 3\"><figure class=\"swiper-slide-inner\"><img decoding=\"async\" class=\"swiper-slide-image\" src=\"https:\/\/wybrzeze.stowarzyszeniemost.pl\/wp-content\/uploads\/2023\/06\/sm1.jpg\" alt=\"sm1\" \/><\/figure><\/div>\t\t\t<\/div>\n\t\t\t\t\t\t\t\t\t\t\t\t<div class=\"elementor-swiper-button elementor-swiper-button-prev\" role=\"button\" tabindex=\"0\">\n\t\t\t\t\t\t<i aria-hidden=\"true\" class=\"eicon-chevron-left\"><\/i>\t\t\t\t\t<\/div>\n\t\t\t\t\t<div class=\"elementor-swiper-button elementor-swiper-button-next\" role=\"button\" tabindex=\"0\">\n\t\t\t\t\t\t<i aria-hidden=\"true\" class=\"eicon-chevron-right\"><\/i>\t\t\t\t\t<\/div>\n\t\t\t\t\n\t\t\t\t\t\t\t\t\t<div class=\"swiper-pagination\"><\/div>\n\t\t\t\t\t\t\t\t\t<\/div>\n\t\t\t\t<\/div>\n\t\t\t\t<\/div>\n\t\t\t\t<\/div>\n\t\t<div class=\"elementor-element elementor-element-ebe5d5b e-flex e-con-boxed e-con\" data-id=\"ebe5d5b\" data-element_type=\"container\" data-settings=\"{&quot;content_width&quot;:&quot;boxed&quot;}\">\n\t\t\t\t\t<div class=\"e-con-inner\">\n\t\t\t\t<div class=\"elementor-element elementor-element-f7e4367 elementor-widget elementor-widget-heading\" data-id=\"f7e4367\" data-element_type=\"widget\" data-settings=\"{&quot;ekit_we_effect_on&quot;:&quot;none&quot;}\" data-widget_type=\"heading.default\">\n\t\t\t\t<div class=\"elementor-widget-container\">\n\t\t\t<h2 class=\"elementor-heading-title elementor-size-default\">Przemyskie wybrze\u017ce Sanu zas\u0142uguje na to, aby jego remont zosta\u0142 skonsultowany z mieszka\u0144cami<\/h2>\t\t<\/div>\n\t\t\t\t<\/div>\n\t\t\t\t\t<\/div>\n\t\t\t\t<\/div>\n\t\t<div class=\"elementor-element elementor-element-5159f9a e-flex e-con-boxed e-con\" data-id=\"5159f9a\" data-element_type=\"container\" data-settings=\"{&quot;content_width&quot;:&quot;boxed&quot;}\">\n\t\t\t\t\t<div class=\"e-con-inner\">\n\t\t<div class=\"elementor-element elementor-element-6d92929 e-con-full e-flex e-con\" data-id=\"6d92929\" data-element_type=\"container\" data-settings=\"{&quot;content_width&quot;:&quot;full&quot;,&quot;background_background&quot;:&quot;classic&quot;}\">\n\t\t\t\t<\/div>\n\t\t<div class=\"elementor-element elementor-element-2b5ec22 e-con-full e-flex e-con\" data-id=\"2b5ec22\" data-element_type=\"container\" data-settings=\"{&quot;content_width&quot;:&quot;full&quot;,&quot;background_background&quot;:&quot;classic&quot;}\">\n\t\t\t\t<div class=\"elementor-element elementor-element-9ca154d elementor-widget elementor-widget-text-editor\" data-id=\"9ca154d\" data-element_type=\"widget\" data-settings=\"{&quot;ekit_we_effect_on&quot;:&quot;none&quot;}\" data-widget_type=\"text-editor.default\">\n\t\t\t\t<div class=\"elementor-widget-container\">\n\t\t\t\t\t\t\tNadbrze\u017ca Sanu to miejsce r\u00f3wnie wa\u017cne dla Przemy\u015blan jak Przemyski Rynek, Park Miejski czy Kopiec Tatarski. \u015amiem twierdzi\u0107, \u017ce ze wzgl\u0119du na swoj\u0105 dost\u0119pno\u015b\u0107 i funkcjonalno\u015b\u0107, nawet wa\u017cniejsze. To miejsce znakomite do czytania ksi\u0105\u017cek na \u0142awkach, rekreacji na rowerach, rolkach,do spacer\u00f3w, jazdy na deskach po tarasie, biegania, robienia zdj\u0119\u0107 \u015blubnych, siedzenia na schodkach ze znajomymi, rzucania kaczek lub karmienia kaczek, wyprowadzania ps\u00f3w, obserwowania ptak\u00f3w, podziwiania w zamy\u015bleniu, wolno przesuwaj\u0105cych si\u0119 chmur nad g\u00f3r\u0105 w Pra\u0142kowcach.\t\t\t\t\t\t<\/div>\n\t\t\t\t<\/div>\n\t\t\t\t<div class=\"elementor-element elementor-element-63d1720 elementor-widget elementor-widget-heading\" data-id=\"63d1720\" data-element_type=\"widget\" data-settings=\"{&quot;ekit_we_effect_on&quot;:&quot;none&quot;}\" data-widget_type=\"heading.default\">\n\t\t\t\t<div class=\"elementor-widget-container\">\n\t\t\t<h4 class=\"elementor-heading-title elementor-size-default\">I w\u0142a\u015bnie dlatego, remont nadsa\u0144skiego wybrze\u017ca wymaga uwagi i troskliwo\u015bci.<\/h4>\t\t<\/div>\n\t\t\t\t<\/div>\n\t\t\t\t<div class=\"elementor-element elementor-element-549b23d elementor-widget elementor-widget-text-editor\" data-id=\"549b23d\" data-element_type=\"widget\" data-settings=\"{&quot;ekit_we_effect_on&quot;:&quot;none&quot;}\" data-widget_type=\"text-editor.default\">\n\t\t\t\t<div class=\"elementor-widget-container\">\n\t\t\t\t\t\t\t<p>Je\u017celi mamy zmienia\u0107 to miejsce, to tylko w kierunku jeszcze wi\u0119kszej dost\u0119pno\u015bci i atrakcyjno\u015bci dla pieszych i rowerzyst\u00f3w, jeszcze lepszej ochrony zieleni, okolicznych zabytk\u00f3w i pi\u0119knych pejza\u017cy. Gdy pozwolimy na poszerzenie jezdni dla samochod\u00f3w, wyci\u0119cie drzew, je\u015bli pozwolimy na wykonanie podkop\u00f3w pod mostami po stronie Zasania, na odci\u0119cie barierkami placu Orl\u0105t, zniszczona zostanie ta wspania\u0142a przestrze\u0144, zmarnujemy publiczne pieni\u0105dze i b\u0119dziemy jeszcze bardziej sfrustrowani i podzieleni.<\/p><p>Przemyskie wybrze\u017ce Sanu zas\u0142uguje na to, aby jego remont, skonsultowany uprzednio z mieszka\u0144cami, zosta\u0142 zaprojektowany przez najlepszych mo\u017cliwych specjalist\u00f3w wy\u0142onionych w drodze konkursu. W przeciwnym razie stanie si\u0119 to samo co z Przemyskim Rynkiem. Kt\u00f3rego\u015b ranka obudzi nas warkot pi\u0142 motorowych \u015bcinaj\u0105cych drzewa, kt\u00f3ry przejedzie w warkot je\u017cd\u017c\u0105cych ci\u0119\u017car\u00f3wek. Miejsca na rekreacj\u0119 i odpoczynek w takich warunkach ju\u017c nie b\u0119dzie.<\/p>\t\t\t\t\t\t<\/div>\n\t\t\t\t<\/div>\n\t\t\t\t<\/div>\n\t\t\t\t\t<\/div>\n\t\t\t\t<\/div>\n\t\t<div class=\"elementor-element elementor-element-f7c8493 e-flex e-con-boxed e-con\" data-id=\"f7c8493\" data-element_type=\"container\" data-settings=\"{&quot;background_background&quot;:&quot;classic&quot;,&quot;content_width&quot;:&quot;boxed&quot;}\">\n\t\t\t\t\t<div class=\"e-con-inner\">\n\t\t\t\t\t<\/div>\n\t\t\t\t<\/div>\n\t\t\t\t\t\t\t<\/div>\n\t\t","protected":false},"excerpt":{"rendered":"<p>Nadbrze\u017ca Sanu to miejsce r\u00f3wnie wa\u017cne dla Przemy\u015blan, jak Przemyski Rynek, Park Miejski czy Kopiec Tatarski Tekst: Waldemar Hryniszyn Zdj\u0119cia: Wojciech Pilch Je\u015bli mia\u0142bym zachowa\u0107 w mojej pami\u0119ci tylko jeden przemyski pejza\u017c, to by\u0142by to widok Sanu, ogl\u0105dany z mostu Orl\u0105t Przemyskich, przy zachodz\u0105cym s\u0142o\u0144cu, odbijaj\u0105cym si\u0119 w szybach nadbrze\u017cnych kamienic. Jest to obraz tak [&hellip;]<\/p>\n","protected":false},"author":1,"featured_media":0,"parent":0,"menu_order":0,"comment_status":"closed","ping_status":"closed","template":"","meta":{"footnotes":""},"class_list":["post-725","page","type-page","status-publish","hentry"],"_links":{"self":[{"href":"https:\/\/wybrzeze.stowarzyszeniemost.pl\/index.php\/wp-json\/wp\/v2\/pages\/725","targetHints":{"allow":["GET"]}}],"collection":[{"href":"https:\/\/wybrzeze.stowarzyszeniemost.pl\/index.php\/wp-json\/wp\/v2\/pages"}],"about":[{"href":"https:\/\/wybrzeze.stowarzyszeniemost.pl\/index.php\/wp-json\/wp\/v2\/types\/page"}],"author":[{"embeddable":true,"href":"https:\/\/wybrzeze.stowarzyszeniemost.pl\/index.php\/wp-json\/wp\/v2\/users\/1"}],"replies":[{"embeddable":true,"href":"https:\/\/wybrzeze.stowarzyszeniemost.pl\/index.php\/wp-json\/wp\/v2\/comments?post=725"}],"version-history":[{"count":77,"href":"https:\/\/wybrzeze.stowarzyszeniemost.pl\/index.php\/wp-json\/wp\/v2\/pages\/725\/revisions"}],"predecessor-version":[{"id":2718,"href":"https:\/\/wybrzeze.stowarzyszeniemost.pl\/index.php\/wp-json\/wp\/v2\/pages\/725\/revisions\/2718"}],"wp:attachment":[{"href":"https:\/\/wybrzeze.stowarzyszeniemost.pl\/index.php\/wp-json\/wp\/v2\/media?parent=725"}],"curies":[{"name":"wp","href":"https:\/\/api.w.org\/{rel}","templated":true}]}}